lculate the highest common factor of c and y.
30
Suppose -3*j - 4*c + 64 = 0, 4*c + c = -3*j + 59. Let v(x) = x**2 + x - 2. Let l be v(-3). What is the highest common factor of j and l?
4
Let t = 1 + 136. Suppose -2*a + t = 49. Calculate the greatest common divisor of 11 and a.
11
Suppose k + 3*k + 64 = 5*h, 40 = 3*h - 4*k. What is the highest common factor of h and 48?
12
Suppose -7*l + 35 = -2*l. Calculate the highest common divisor of l and 77.
7
Suppose -8*v + 110 + 18 = 0. Let w be (2/3)/((-2)/(-72)). What is the greatest common divisor of w and v?
8
Suppose -n + 28 = -3*f, -5*n = -2*n - 2*f - 77. Calculate the highest common divisor of n and 10.
5
Let b = 108 - -36. Calculate the highest common divisor of 18 and b.
18
Let s(v) = v + 0 + 1 - 2. Let q be s(2). Let r be (0 + q - 3) + 11. What is the highest common factor of 18 and r?
9
Let q(a) = -15*a**3 - 1. Let w be q(-1). Let x be w/(-4)*(-7 - -5). Calculate the highest common divisor of x and 28.
7
Let p = 45 + -32. What is the greatest common factor of p and 52?
13
Suppose -g = t + 3, -3*t + 4*g = -0*t + 9. Let c be (18 + t)*(-4)/(-12). What is the greatest common factor of 20 and c?
5
Let f = 74 + 1. Let g = 160 - f. Let w = 47 - 30. What is the highest common divisor of w and g?
17
Suppose 6*h - 1970 = h. Suppose -4*m - 2*t = -h, m - 81 = t + 22. Suppose 11*g - 4*g - 70 = 0. What is the greatest common divisor of m and g?
10
Let p(t) = 12*t. Let w(g) = g + 2. Let n be w(6). Let s = -4 + n. Let m be p(s). What is the highest common factor of m and 12?
12
Let i = 7 - 5. Suppose -i*j + 27 + 1 = 0. What is the greatest common divisor of j and 14?
14
Suppose v + 0*w = 4*w + 17, 3*v + 4*w + 13 = 0. Suppose 2*u - 32 + v = 5*o, -2*u - 3*o - 9 = 0. What is the highest common factor of u and 3?
3
Let x = 8 - 4. Suppose 3*y + 18 = 2*u, u + 4*y - x = -u. What is the greatest common factor of 6 and u?
6
Let w = -20 + 34. Calculate the highest common factor of w and 154.
14
Let a be 5/1*2/5. Suppose 4 = 2*u - 2*j, -2 = -u - 0*u - j. Calculate the greatest common divisor of u and a.
2
Suppose -5*f - 27 + 347 = 0. Let g be 18/(-189) + 680/84. What is the highest common factor of g and f?
8
Suppose -4*s = a + 1 - 3, 0 = -2*s + 4*a - 8. Suppose -5*u + 3 + 7 = s. Calculate the highest common divisor of u and 8.
2
Suppose 3*h + 1 = -2*q + 3, 0 = -4*q + 4. Suppose -18 = -t - n + 12, h = -t + n + 32. Calculate the highest common divisor of t and 279.
31
Let q(w) = 39*w - 1. Let m be q(2). Suppose 5*f - m = 2*z, 2*f - 3*z - 48 = -f. What is the greatest common factor of f and 15?
15
Let g(x) = x**3 - 4*x**2 + 3*x - 10. Let j be g(5). What is the highest common divisor of 6 and j?
6
Suppose -5 = 4*v - 173. Suppose -3*w - 53 = -6*w + k, 0 = 2*w + 4*k - 26. Let j = v - w. Calculate the highest common factor of j and 10.
5
Suppose -3*x - 17 = -z, -5*x - 61 = -3*z - x. Let u(h) = -6*h**3 + 2*h + 5. Let t be u(-3). Calculate the greatest common divisor of z and t.
23
Let t = -1 + 1. Suppose 0 = -3*c - 2*c + 20. Suppose t - 96 = -c*x. Calculate the highest common factor of x and 60.
12
Suppose 3*k + 2 = 14. Suppose -5*m - 6 = -2*s, -26 = -4*s - 0*m + 3*m. Calculate the highest common factor of s and k.
4
Let m = -66 + -6. Let o be ((-4)/(-3))/((-2)/m). What is the greatest common factor of 12 and o?
12
Let o(b) = 3*b**3 - 2*b**2 + b - 1. Let j be o(2). Let a(f) = -f**3 - 10*f**2 + 18*f + 13. Let l be a(-12). What is the greatest common divisor of l and j?
17
Let u be 19/4*16*1. Calculate the highest common divisor of u and 38.
38
Let r(h) = 4*h**2 - 11*h - 8. Let w be r(8). Let x be (w/(-6))/((-4)/24). Let o = 288 - x. Calculate the highest common divisor of 16 and o.
16
Let l(r) = r + 16. Suppose -3*i + 12 = -2*i. Let t be l(i). What is the greatest common divisor of t and 196?
28
Suppose 5 = -z, -5*z = 2*k - 4*k + 9. Let y(j) = -j - 1. Let q be y(k). What is the greatest common factor of q and 1?
1
Let h = 0 - -6. Let b be ((-8)/6)/((-4)/h). Let o be 772/24 - b/12. Calculate the greatest common divisor of o and 4.
4
Let l be (2/(-5))/(2/(-10)). Suppose -l*r - 31 = -j - 0*r, 3*r = -4*j + 69. What is the highest common factor of j and 7?
7
Let g be 7/(2 - (1 + 2)). Let k = 43 - g. Suppose t = 3*t - 20. What is the greatest common divisor of t and k?
10
Let g = -5 + -6. Let s be (0 - g) + 0 + 0. Let k(j) = 122*j - 1. Let w be k(1). What is the highest common divisor of s and w?
11
Let f = -3 - -6. Suppose 3*t - 13 = 7*w - 2*w, -f*t = w - 19. Suppose 4*o - 9 = 3*o. What is the greatest common factor of t and o?
3
Let j(y) be the third derivative of -4*y**2 + 0*y + 1/3*y**3 + 0 - 3/4*y**4. Let s be j(-7). Calculate the highest common divisor of 16 and s.
16
Let f(j) = 54*j**3 + 2*j**2 - 2*j + 1. Let d be f(1). What is the highest common divisor of 22 and d?
11
Let g(k) = k + 10. Let n be g(3). Let t = 11 + 14. Let a = -12 + t. What is the highest common factor of n and a?
13
Suppose 4*i + 14*w - 118 = 12*w, 2*i = 3*w + 79. Let c(q) = -q**2 - q + 4. Let z be c(0). Calculate the greatest common divisor of z and i.
4
Suppose 3*f - 4*c - 50 = 0, -2*f + 64 = -0*c + 5*c. Let j be (-3 + -5)/((-4)/f). What is the highest common divisor of j and 4?
4
Let r(n) = 5*n**3 - n**2 + n. Let a be r(1). Suppose y + 5 = -5*v - 4*y, 0 = 2*v - 4*y + 20. Let i = v + a. Calculate the highest common factor of i and 9.
1
Suppose 2*q + 5 - 3 = 0, -251 = -3*x - q. Suppose -5*c = 3*r - 283, 0 = 5*c + r - 198 - 83. Calculate the greatest common divisor of x and c.
28
Let j = -73 - -80. Suppose 0 = 2*p - 5*h - 3 - 5, 3*p - 2*h - 34 = 0. Calculate the highest common factor of p and j.
7
Let g = 23 - 15. Suppose 2*i = 10 + g. Let n be (1/(-2))/(1/(-162)). Calculate the greatest common divisor of i and n.
9
Let b be 2 - 1 - (7 + -7). Suppose -3*r + 6 = 3*x, 4*x + 1 = -2*r + r. Calculate the greatest common factor of b and r.
1
Suppose -2*u = -3 - 25. What is the greatest common divisor of 2 and u?
2
Suppose -4*o - 8 = 4*y, 3*y + 24 = 3*o - 0*o. What is the greatest common factor of 3 and o?
3
Let z = -13 - -16. Suppose 0 = z*o - 5*f - 61, f = -4*o - 0*f + 112. What is the highest common factor of o and 3?
3
Suppose 2*h + 33 = 3*h. Let p = -153 + 175. Calculate the highest common factor of h and p.
11
Let f(g) = 2*g**2 + 2*g - 1. Let s be f(1). Suppose 5*b - 47 = -4*x, -2*x + b = s*b - 26. What is the highest common factor of 36 and x?
18
Let m = 306 + -76. Suppose 2*a - m = -5*r, -5*r + 340 = -a + 4*a. Calculate the highest common factor of a and 10.
10
Let i(o) = o**3 - 7*o**2 + o + 3. Let x be i(7). Suppose -a - 2 = -22. Calculate the highest common divisor of x and a.
10
Let x = 1 + -3. Let k be (3/x)/(2/(-48)). Let f be (2/3)/(9/54). What is the greatest common factor of f and k?
4
Let y = 90 + -79. Calculate the highest common divisor of y and 143.
11
Let l = 74 + -69. Calculate the greatest common factor of 1 and l.
1
Let t(l) = -l**3 + 2*l**2 + 26*l + 5. Let v be t(-5). Suppose -2*y + 100 = 2*y. Calculate the greatest common factor of y and v.
25
Let v = 18 - 13. Suppose -21 = -2*w + 3*f, -3*w - 5*f = -0 - 60. What is the highest common divisor of v and w?
5
Let n be ((-2)/4)/((-2)/8). Let d = n - -4. Suppose 3*r + 3 - d = 0. Calculate the highest common divisor of r and 9.
1
Suppose -5*f + z = -74, -2*f = -3*z - 0*z - 40. What is the highest common divisor of 70 and f?
14
Suppose -8*t + 4*t + 24 = 0. Suppose -4*a + 18 = -t. Calculate the greatest common factor of 48 and a.
6
Let w(v) = -v**3 + 4*v**2 - v. Let q be w(3). Calculate the highest common factor of 48 and q.
6
Let b = -74 + 130. Let l(r) = -r - 10. Let q be l(-17). Calculate the greatest common divisor of b and q.
7
Let l be (-2)/((-2)/9) + 1. Suppose 5*q + l = 0, -2*q - 26 = -4*s + 22. What is the highest common factor of s and 88?
11
Suppose 2*o + 57 = -3. Let y be ((-2)/(-3))/((-2)/o). Suppose 32 = p + 2. Calculate the highest common divisor of y and p.
10
Let u be 3 - (-2 + -2) - -1. Suppose -3*v + 37 = -u. Let y be (2 - (-1 - -2)) + 74. What is the greatest common factor of v and y?
15
Suppose -20*o = -6*o - 210. Calculate the greatest common divisor of o and 105.
15
Let d(b) = b**3 + 6*b**2 - 3*b - 5. Suppose 2*g + 12 = -0. Let t be d(g). Calculate the greatest common 